{"id":185,"date":"2026-03-04T18:17:47","date_gmt":"2026-03-04T17:17:47","guid":{"rendered":"https:\/\/saengerbund-liederkranz-oftersheim.de\/?page_id=185"},"modified":"2026-03-05T11:13:48","modified_gmt":"2026-03-05T10:13:48","slug":"offene-chorprobe-2026","status":"publish","type":"page","link":"https:\/\/saengerbund-liederkranz-oftersheim.de\/?page_id=185","title":{"rendered":"Offene Chorprobe 2026"},"content":{"rendered":"\n<p>\ud83c\udfa4 100 STIMMEN. EIN KLANG. DU?<\/p>\n\n\n\n<p><strong>Offene Chorprobe beim S\u00e4ngerbund Liederkranz Oftersheim und MGV Liedertafel Plankstadt<\/strong>. <strong>Mit dabei sind die Liedertafel Dudenhofen und die M\u00e4nner der Ch\u00f6re Frohsinn Mechtersheim und GV Westheim<\/strong>.<\/p>\n\n\n\n<p><strong>Unter der Leitung von Chorleiter Thomas K\u00e4stner<\/strong> wollen wir 100 M\u00e4nner aus Oftersheim und Umgebung zusammenzubringen, die gemeinsam ein kraftvolles musikalisches Zeichen setzen. Von modernen Arrangements bis zu mitrei\u00dfende Rock-Shantys erwartet die Teilnehmer ein abwechslungsreiches Repertoire mit einer professionellen musikalischen Leitung.<\/p>\n\n\n\n<p>Bist du bereit f\u00fcr G\u00e4nsehaut? Wir sind 100 M\u00e4nner, die Leidenschaft in jede Note legen \u2013 und wir haben noch einen Platz f\u00fcr dich frei. <strong>Kein Vorsingen, kein Druck. <\/strong><br>Einfach vorbeikommen, mitsingen und die Power eines gro\u00dfen M\u00e4nnerchors erleben.<\/p>\n\n\n\n<p><strong>Was dich erwartet:<\/strong><\/p>\n\n\n\n<ul class=\"wp-block-list\">\n<li><strong>Volle Power:<\/strong> Erlebe den unvergleichlichen Sound von <strong>100 S\u00e4ngern<\/strong>.<\/li>\n\n\n\n<li><strong>Modernes Repertoire:<\/strong> Von Santiano bis Udo J\u00fcrgens. Dazwischen noch alte Klassiker der M\u00e4nnerch\u00f6re. Wir singen, was Spa\u00df macht!<\/li>\n\n\n\n<li><strong>Echte Gemeinschaft:<\/strong> Kameradschaft, die \u00fcber die Musik hinausgeht.<\/li>\n<\/ul>\n\n\n\n<p><strong>Wann &amp; Wo?<\/strong><\/p>\n\n\n\n<ul class=\"wp-block-list\">\n<li>\ud83d\udcc5 <strong>Datum:<\/strong> Samstag, 18.4.2026<\/li>\n\n\n\n<li>\u23f0 <strong>Uhrzeit:<\/strong> Von 14:00 bis 17:00 Uhr<\/li>\n\n\n\n<li>\ud83d\udccd <strong>Ort:<\/strong> Rosesaal in Oftersheim<\/li>\n\n\n\n<li>\ud83d\uddfa\ufe0f <strong>Adresse:<\/strong> Mannheimer Str. 95<\/li>\n<\/ul>\n\n\n\n<p><strong>&#8222;Man muss kein Profi sein, um bei uns gro\u00df zu klingen. <\/strong><\/p>\n\n\n\n<p><strong>G\u00e4ste sind selbstverst\u00e4ndlich willkommen und k\u00f6nnen den Gesang eines gro\u00dfen M\u00e4nnerchores genie\u00dfen.<\/strong><\/p>\n\n\n\n<p><\/p>\n","protected":false},"excerpt":{"rendered":"<p>\ud83c\udfa4 100 STIMMEN. EIN KLANG. DU? Offene Chorprobe beim S\u00e4ngerbund Liederkranz Oftersheim und MGV Liedertafel Plankstadt. Mit dabei sind die Liedertafel Dudenhofen und die M\u00e4nner der Ch\u00f6re Frohsinn Mechtersheim und GV Westheim. Unter der Leitung von Chorleiter Thomas K\u00e4stner wollen wir 100 M\u00e4nner aus Oftersheim und Umgebung zusammenzubringen, die gemeinsam ein kraftvolles musikalisches Zeichen setzen. [&hellip;]<\/p>\n","protected":false},"author":1,"featured_media":0,"parent":0,"menu_order":0,"comment_status":"closed","ping_status":"closed","template":"","meta":{"footnotes":""},"class_list":["post-185","page","type-page","status-publish","hentry"],"_links":{"self":[{"href":"https:\/\/saengerbund-liederkranz-oftersheim.de\/index.php?rest_route=\/wp\/v2\/pages\/185","targetHints":{"allow":["GET"]}}],"collection":[{"href":"https:\/\/saengerbund-liederkranz-oftersheim.de\/index.php?rest_route=\/wp\/v2\/pages"}],"about":[{"href":"https:\/\/saengerbund-liederkranz-oftersheim.de\/index.php?rest_route=\/wp\/v2\/types\/page"}],"author":[{"embeddable":true,"href":"https:\/\/saengerbund-liederkranz-oftersheim.de\/index.php?rest_route=\/wp\/v2\/users\/1"}],"replies":[{"embeddable":true,"href":"https:\/\/saengerbund-liederkranz-oftersheim.de\/index.php?rest_route=%2Fwp%2Fv2%2Fcomments&post=185"}],"version-history":[{"count":6,"href":"https:\/\/saengerbund-liederkranz-oftersheim.de\/index.php?rest_route=\/wp\/v2\/pages\/185\/revisions"}],"predecessor-version":[{"id":205,"href":"https:\/\/saengerbund-liederkranz-oftersheim.de\/index.php?rest_route=\/wp\/v2\/pages\/185\/revisions\/205"}],"wp:attachment":[{"href":"https:\/\/saengerbund-liederkranz-oftersheim.de\/index.php?rest_route=%2Fwp%2Fv2%2Fmedia&parent=185"}],"curies":[{"name":"wp","href":"https:\/\/api.w.org\/{rel}","templated":true}]}}